what is 101111000010010 + 111000?
101111001001010
In base 9, what is -24776864 - 6?
-24776871
In base 10, what is 5 + -10379542?
-10379537
In base 9, what is 0 + -52426556?
-52426556
In base 4, what is 31230033113 + 2?
31230033121
In base 13, what is 1 - -4639a?
4639b
In base 3, what is -120212 + 1110202100?
1110011111
In base 15, what is -7a + -1cc9d?
-1cd28
In base 13, what is 16 - 1a251b?
-1a2505
In base 7, what is -4 + 1505562031?
1505562024
In base 6, what is -4 + 545415203?
545415155
In base 13, what is 18959 - -20?
18979
In base 14, what is -db - 111b8?
-112b5
In base 11, what is -a538 - -8882?
-1766
In base 4, what is 103121330223330 - 0?
103121330223330
In base 5, what is 32343 + -102144?
-14301
In base 11, what is 6a5732a2 + 5?
6a5732a7
In base 6, what is 1335 + -20015422?
-20014043
In base 6, what is 4 + -5430140515?
-5430140511
In base 3, what is 11122100002 + -200011?
11121122221
In base 11, what is 5823057 - 4?
5823053
In base 8, what is 2013124333 + -1?
2013124332
In base 10, what is 1806840 + 20?
1806860
In base 3, what is -22 + 22100212012112?
22100212012020
In base 15, what is -417 - -389b?
3484
In base 3, what is 2001012 - 2101121?
-100102
In base 10, what is 1431 - 22742?
-21311
In base 10, what is 91481 - -7796?
99277
In base 4, what is 3231120031320 - -10?
3231120031330
In base 12, what is -3b686 - 6a?
-3b734
In base 7, what is -633501433 + -6?
-633501442
In base 11, what is -1468717a + 5?
-14687175
In base 10, what is -208 + 1803154?
1802946
In base 7, what is -421452 + -666?
-422451
In base 14, what is b9d - -163b6?
17175
In base 9, what is 130 + 804617?
804747
In base 3, what is -1200201000021101 + 11?
-1200201000021020
In base 5, what is 120130041 - -12?
120130103
In base 15, what is -3 - -6e15cc?
6e15c9
In base 8, what is 2267 - 76212?
-73723
In base 5, what is -32413241 - 120?
-32413411
In base 5, what is -1 - -13024244022?
13024244021
In base 13, what is -c8b83 + 3?
-c8b80
In base 4, what is -13000 - -331203212?
331130212
In base 14, what is -a40c4 - 9?
-a40cd
In base 10, what is -373427 - -95?
-373332
In base 15, what is 1 + 5cb1a1?
5cb1a2
In base 13, what is 2b6c53 + -34c?
2b6904
In base 13, what is -4 + -30baa70c?
-30baa713
In base 10, what is -39890 + 2040?
-37850
In base 14, what is -150d - -982d?
8320
In base 16, what is -4 - -244f1?
244ed
In base 4, what is -10 + 2231230331130?
2231230331120
In base 7, what is -220151 - -460?
-216361
In base 15, what is 780a0 - 7?
78098
In base 8, what is -20 - 1604253?
-1604273
In base 10, what is -4 - -6754479?
6754475
In base 9, what is 8 - -14837?
14846
In base 9, what is 8355 + 2020?
11375
In base 13, what is -93 - 18b1?
-1974
In base 7, what is -6 + -11224522?
-11224531
In base 2, what is 1011010000100011000110100111 - 1?
1011010000100011000110100110
In base 12, what is -1 - 1027a421?
-1027a422
In base 14, what is 8a6 - 1c59?
-1393
In base 9, what is 54512 + -15765?
37636
In base 11, what is -20 + 451721?
451701
In base 12, what is -6032b + 1607?
-5a924
In base 8, what is 254365 - -3027?
257414
In base 5, what is 332012 - 24102?
302410
In base 16, what is -12fa6 + -d?
-12fb3
In base 6, what is -11344304 - 1?
-11344305
In base 2, what is 1000101101111001 - -10110101?
1000110000101110
In base 13, what is -4a2ba9a7 - -3?
-4a2ba9a4
In base 11, what is -25040 - -4090?
-20a60
In base 16, what is -2451e3a - 1?
-2451e3b
In base 13, what is 102c3 + 1c?
10312
In base 13, what is -3629650 + -1?
-3629651
In base 12, what is 6194472 - -3?
6194475
In base 15, what is d57 + ede?
1d46
In base 4, what is -302312022 - -1?
-302312021
In base 12, what is -15512 - bb?
-15611
In base 3, what is -1020010 - -1121011220?
1112221210
In base 11, what is 19127 - 459?
18779
In base 13, what is 1091ca4 - 2?
1091ca2
In base 7, what is -5 + -32112154?
-32112162
In base 8, what is -2 + -5252231?
-5252233
In base 14, what is -7c18a7 + 61?
-7c1846
In base 11, what is 7 - -1685591?
1685598
In base 2, what is -1110 - 1001111101000101000001101?
-1001111101000101000011011
In base 15, what is 40 - 73840?
-73800
In base 4, what is -2200202221 + 12?
-2200202203
In base 2, what is -11010000010 - -11001100010101100010?
11001011111011100000
In base 14, what is c105270 - 0?
c105270
In base 16, what is 846a5f + -8?
846a57
In base 16, what is -1 + ab2c03?
ab2c02
In base 14, what is a - 16a537?
-16a52b
In base 6, what is -10112314 + 20?
-10112254
In base 12, what is -510 + -40333?
-40843
In base 13, what is -2c8 + 466c?
4374
In base 3, what is -102220220110 + -10002?
-102221000112
In base 12, what is -3a438 - b?
-3a447
In base 11, what is -56146299 + 6?
-56146293
In base 13, what is -3 + -685b4a?
-685b50
In base 14, what is 143aba2 - -6c?
143ac30
In base 10, what is -3634 + 8853?
5219
In base 10, what is -18127 + -33?
-18160
In base 9, what is -23052 + 68482?
45430
In base 10, what is 75 - 5358743?
-5358668
In base 7, what is 4 + -435360033?
-435360026
In base 4, what is -133110 + -213322?
-1013032
In base 13, what is -9c7 - -281?
-746
In base 8, what is -17 + -412552533?
-412552552
In base 15, what is -238 + -ed7a?
-100b3
In base 7, what is 52344 - -14312?
66656
In base 6, what is -331 + 32051?
31320
In base 5, what is 12220402 - 103332?
12112020
In base 10, what is 2 + 12273574?
12273576
In base 13, what is -13b5 + 18b9?
504
In base 16, what is 468 - -75fa9?
76411
In base 16, what is -6c6d + -120?
-6d8d
In base 8, what is 76 - 17142015?
-17141717
In base 11, what is -13a + -407a3?
-40932
In base 13, what is -138a08 + -133?
-138b3b
In base 7, what is -340 + 113035351?
113035011
In base 8, what is -1071532 - -530?
-1071002
In base 12, what is -505613 - 13?
-505626
In base 14, what is 6803dd7 + -5?
6803dd2
In base 4, what is 1110 + -2110201300?
-2110200130
In base 14, what is -13274d + -51a?
-132c69
In base 15, what is -1cd83 + 636?
-1c74c
In base 5, what is 433 + 100041113?
100042101
In base 12, what is 995 - -2a66a?
2b443
In base 11, what is 3 - 48a300?
-48a2a8
In base 16, what is 31b393 + 4?
31b397
In base 5, what is 30222 + 430342?
1011114
In base 9, what is -373360404 + -2?
-373360406
In base 2, what is -101111010111001010110 - -1110?
-101111010111001001000
In base 4, what is -2 + 331220130?
331220122
In base 10, what is 449 - -364725?
365174
In base 9, what is -273848 + 3387?
-270451
In base 7, what is -3 + -544245253?
-544245256
In base 6, what is -454 + 1535542?
1535044
In base 10, what is -281805 - 66?
-281871
In base 12, what is -7aa - -260?
-54a
In base 4, what is 1031333130310123 - -3?
1031333130310132
In base 7, what is -420565403 + 21?
-420565352
In base 3, what is 220212220 + 2121010?
1000111000
In base 14, what is -6abba2d + -7?
-6abba36
In base 10, what is -17880 - -2367?
-15513
In base 13, what is 0 - 77c32c?
-77c32c
In base 16, what is 1 + -19a295?
-19a294
In base 8, what is -32426021 - -5?
-32426014
In base 14, what is -6d9 - 1969d?
-19d98
In base 7, what is -61 - -425231?
425140
In base 13, what is 164aaa4 - 67?
164aa3a
In base 4, what is 22232233323 - 2232?
22232231031
In base 16, what is -17 + 366fb?
366e4
In base 15, what is 1b3a73cd - -3?
1b3a73d1
In base 4, what is 10031 + 1102331001?
1103001032
In base 4, what is -21231303 - 110223?
-22002132
In base 3, what is 10101121 + -1012000121?
-1001122000
In base 4, what is 3022123 + 131033?
3213222
In base 14, what is -50 + -78b27d?
-78b2cd
In base 13, what is c1b - -5701?
661c
In base 2, what is 1011100110000110110000 - 11?
1011100110000110101101
In base 6, what is 221 + 34224515?
34225140
In base 2, what is 10100010001111010100011101 - -1?
10100010001111010100011110
In base 13, what is -23aac8 + 5?
-23aac3
In base 4, what is 3 - 222320122?
-222320113
In base 7, what is -14425314420 - 2?
-14425314422
In base 6, what is -124 + -35044402?
-35044530
In base 9, what is -3341 - -75053?
71612
In base 12, what is -5a03 - -a823?
4a20
In base 3, what is 20 - -1002002121001?
1002002121021
In base 4, what is -32300233121 - 131?
-32300233312
In base 15, what is c + -461ed?
-461e1
In base 13, what is 4 - 67307a2?
-673079b
In base 10, what is -1672284 - 468?
-1672752
In base 16, what is 9e767 - 166?
9e601
In base 9, what is 303286 + 66?
303363
In base 8, what is 26 - -25540125?
25540153
In base 8, what is -3112137 + 53?
-3112064
In base 8, what is -33737 - 